8105085?
0
What is the units digit of 10484309?
9
What is the ten thousands digit of 3015296022?
9
What is the thousands digit of 55320707?
0
What is the ten thousands digit of 344996123?
9
What is the hundred millions digit of 1468035321?
4
What is the units digit of 874133731?
1
What is the hundred thousands digit of 241712146?
7
What is the ten thousands digit of 456856224?
5
What is the tens digit of 590185256?
5
What is the ten thousands digit of 7528817856?
1
What is the tens digit of 2515041846?
4
What is the hundreds digit of 1879363277?
2
What is the tens digit of 5180018206?
0
What is the ten thousands digit of 32738161?
3
What is the units digit of 593986555?
5
What is the ten thousands digit of 638478159?
7
What is the units digit of 23392718?
8
What is the thousands digit of 35973471?
3
What is the ten millions digit of 6597912567?
9
What is the millions digit of 1381680366?
1
What is the units digit of 100766513?
3
What is the hundred thousands digit of 619337488?
3
What is the units digit of 11595987?
7
What is the tens digit of 72611912?
1
What is the ten millions digit of 1340308209?
4
What is the ten thousands digit of 16631079?
3
What is the thousands digit of 737655166?
5
What is the units digit of 639515146?
6
What is the hundreds digit of 233363052?
0
What is the hundred thousands digit of 137954026?
9
What is the units digit of 3083980215?
5
What is the units digit of 695942459?
9
What is the tens digit of 26640251?
5
What is the hundred thousands digit of 215556065?
5
What is the hundred millions digit of 153490437?
1
What is the ten thousands digit of 34355842?
5
What is the thousands digit of 693212210?
2
What is the hundred thousands digit of 29517832?
5
What is the hundred thousands digit of 89028575?
0
What is the hundreds digit of 6398397024?
0
What is the ten thousands digit of 66923279?
2
What is the tens digit of 833758997?
9
What is the tens digit of 70952937?
3
What is the tens digit of 107705500?
0
What is the hundred thousands digit of 85416171?
4
What is the hundreds digit of 125679342?
3
What is the millions digit of 4889511503?
9
What is the thousands digit of 5520857218?
7
What is the hundred thousands digit of 284487366?
4
What is the units digit of 3667435398?
8
What is the hundreds digit of 20130199?
1
What is the ten thousands digit of 36322996?
2
What is the millions digit of 64488706?
4
What is the hundred thousands digit of 712893599?
8
What is the units digit of 532504560?
0
What is the tens digit of 3191593746?
4
What is the hundred thousands digit of 292400012?
4
What is the hundred thousands digit of 1542932411?
9
What is the ten thousands digit of 2292967135?
6
What is the units digit of 24165832?
2
What is the hundred thousands digit of 170601992?
6
What is the tens digit of 77790642?
4
What is the tens digit of 228414437?
3
What is the ten thousands digit of 662725691?
2
What is the hundred millions digit of 595001539?
5
What is the hundred thousands digit of 70336353?
3
What is the tens digit of 266596955?
5
What is the tens digit of 35749313?
1
What is the ten millions digit of 454839497?
5
What is the ten thousands digit of 100321936?
2
What is the tens digit of 105056771?
7
What is the units digit of 137170411?
1
What is the hundreds digit of 2544121301?
3
What is the tens digit of 2534654956?
5
What is the hundred millions digit of 3927828537?
9
What is the tens digit of 3914649738?
3
What is the billions digit of 1338915842?
1
What is the hundred thousands digit of 1524886459?
8
What is the hundreds digit of 1148292?
2
What is the hundreds digit of 293652040?
0
What is the millions digit of 7903551518?
3
What is the hundred millions digit of 149097842?
1
What is the hundred thousands digit of 1674213595?
2
What is the ten millions digit of 147107840?
4
What is the units digit of 10805971?
1
What is the hundreds digit of 1513463299?
2
What is the ten millions digit of 235370348?
3
What is the units digit of 353677479?
9
What is the thousands digit of 2677245390?
5
What is the hundred millions digit of 672924255?
6
What is the millions digit of 624023875?
4
What is the hundreds digit of 17717789?
7
What is the thousands digit of 6798100014?
0
What is the tens digit of 28463067?
6
What is the millions digit of 250960948?
0
What is the ten thousands digit of 45929368?
2
What is the ten thousands digit of 5747080796?
8
What is the tens digit of 20182756?
5
What is the hundreds digit of 119147031?
0
What is the ten millions digit of 21319799?
2
What is the ten thousands digit of 1522429512?
2
What is the hundreds digit of 4894360852?
8
What is the hundred thousands digit of 1327895292?
8
What is the ten thousands digit of 2414786647?
8
What is the ten thousands digit of 3965704102?
0
What is the units digit of 38744520?
0
What is the hundred millions digit of 220897661?
2
What is the millions digit of 31051447?
1
What is the units digit of 35208799?
9
What is the units digit of 66577855?
5
What is the tens digit of 338409410?
1
What is the billions digit of 1128342292?
1
What is the hundred thousands digit of 3857533787?
5
What is the tens digit of 6114737886?
8
What is the tens digit of 60484587?
8
What is the ten thousands digit of 203174171?
7
What is the thousands digit of 690804829?
4
What is the thousands digit of 1418985401?
5
What is the ten millions digit of 288372484?
8
What is the hundred thousands digit of 1263846875?
8
What is the hundred millions digit of 6662789957?
6
What is the tens digit of 2621632491?
9
What is the tens digit of 28022775?
7
What is the hundred thousands digit of 1677774525?
7
What is the thousands digit of 8781243?
1
What is the ten thousands digit of 74024013?
2
What is the tens digit of 62352613?
1
What is the millions digit of 13929013?
3
What is the millions digit of 458569770?
8
What is the units digit of 21018205?
5
What is the hundreds digit of 1460995897?
8
What is the hundreds digit of 5704083539?
5
What is the millions digit of 153781468?
3
What is the millions digit of 630488970?
0
What is the millions digit of 3365712672?
5
What is the ten millions digit of 802055036?
0
What is the billions digit of 2703453808?
2
What is the ten thousands digit of 529785825?
8
What is the tens digit of 1933293471?
7
What is the ten thousands digit of 4141177626?
7
What is the ten thousands digit of 141234805?
3
What is the ten millions digit of 84241379?
8
What is the ten millions digit of 362664063?
6
What is the tens digit of 14373488?
8
What is the thousands digit of 1263898360?
8
What is the units digit of 234975145?
5
What is the tens digit of 4031331452?
5
What is the thousands digit of 3486161?
6
What is the tens digit of 100868703?
0
What is the hundred thousands digit of 119944680?
9
What is the tens digit of 176980389?
8
What is the ten millions digit of 139815996?
3
What is the ten millions digit of 42163333?
4
What is the hundred millions digit of 5690438334?
6
What is the thousands digit of 232763517?
3
What is the tens digit of 5980403936?
3
What is the units digit of 98460208?
8
What is the tens digit of 50302958?
5
What is the hundred millions digit of 196261748?
1
What is the units digit of 161811738?
8
What is the tens digit of 52115274?
7
What is the units digit of 1063907094?
4
What is the hundred thousands digit of 7010179?
0
What is the hundred thousands digit of 2004163125?
1
What is the millions digit of 45424450?
5
What is the ten thousands digit of 5646706759?
0
What is the hundred millions digit of 252745491?
2
What is the units digit of 237962277?
7
What is the hundreds digit of 74223048?
0
What is the ten millions digit of 551359489?
5
What is the tens digit of 2922057?
5
What is the millions digit of 11989770?
1
What is the hundred thousands digit of 86656667?
6
What is the ten millions digit of 170763416?
7
What is the hundred millions digit of 112745575?
1
What is the units digit of 3063261014?
4
What is the ten millions digit of 195535732?
9
What is the hundred thousands digit of 36329784?
3
What is the thousands digit of 623958953?
8
What is the thousands digit of 49231972?
1
What is the billions digit of 2556735952?
2
What is the ten millions digit of 51204855?
5
What is the tens digit of 21376082?
8
What is the ten mil